{"id":378,"date":"2019-03-27T23:52:12","date_gmt":"2019-03-27T22:52:12","guid":{"rendered":"http:\/\/elisabethfouche.com\/?page_id=378"},"modified":"2022-03-18T13:39:38","modified_gmt":"2022-03-18T12:39:38","slug":"extraits-de-courts-metrages-detudes","status":"publish","type":"page","link":"https:\/\/elisabethfouche.com\/index.php\/audiovisuel\/extraits-de-courts-metrages-detudes\/","title":{"rendered":"Extraits de courts m\u00e9trages"},"content":{"rendered":"\n<figure class=\"wp-block-embed is-type-video is-provider-youtube wp-block-embed-youtube wp-embed-aspect-4-3 wp-has-aspect-ratio\"><div class=\"wp-block-embed__wrapper\">\n<iframe loading=\"lazy\" title=\"Sommaire des courts m\u00e9trages\" width=\"660\" height=\"495\" src=\"https:\/\/www.youtube.com\/embed\/6kKE5BnCU0Q?feature=oembed\" frameborder=\"0\" allow=\"accelerometer; autoplay; clipboard-write; encrypted-media; gyroscope; picture-in-picture\" allowfullscreen><\/iframe>\n<\/div><\/figure>\n\n\n<p><iframe loading=\"lazy\" title=\"Et moi et moi et moi\" width=\"660\" height=\"495\" src=\"https:\/\/www.youtube.com\/embed\/kZlzdpwiZkc?feature=oembed\" frameborder=\"0\" allow=\"accelerometer; autoplay; clipboard-write; encrypted-media; gyroscope; picture-in-picture\" allowfullscreen><\/iframe><\/p>\n\n\n<figure class=\"wp-block-embed is-type-video is-provider-youtube wp-block-embed-youtube wp-embed-aspect-4-3 wp-has-aspect-ratio\"><div class=\"wp-block-embed__wrapper\">\n<iframe loading=\"lazy\" title=\"Des vagues \u00e0 l&#039;\u00e2me\" width=\"660\" height=\"495\" src=\"https:\/\/www.youtube.com\/embed\/59edg7Bh5dA?feature=oembed\" frameborder=\"0\" allow=\"accelerometer; autoplay; clipboard-write; encrypted-media; gyroscope; picture-in-picture\" allowfullscreen><\/iframe>\n<\/div><figcaption>Court m\u00e9trage r\u00e9alis\u00e9 en 2000 par Elisabeth Fouch\u00e9<\/figcaption><\/figure>\n\n\n\n<p>Ecriture et r\u00e9alisation de 3 courts m\u00e9trages en DV cam + 1 spot publicitaire en 35 mm de 1999-2002 lors de mon Master \u00e0 l&rsquo;EICAR<\/p>\n\n\n\n<p>Et aussi \ud83d\udc47\ud83c\udffb<\/p>\n\n\n\n<div class=\"wp-block-buttons is-layout-flex wp-block-buttons-is-layout-flex\">\n<div class=\"wp-block-button is-style-outline\"><a class=\"wp-block-button__link\" href=\"https:\/\/elisabethfouche.com\/index.php\/auteure-litterature-cinema\/\"><span style=\"color:#f7d8aa\" class=\"has-inline-color\">Auteure de litt\u00e9rature<\/span> <span style=\"color:#f7d8aa\" class=\"has-inline-color\">&amp; cin\u00e9ma<\/span><\/a><\/div>\n\n\n\n<div class=\"wp-block-button is-style-outline\"><a class=\"wp-block-button__link\" href=\"https:\/\/elisabethfouche.com\/index.php\/2017\/02\/14\/reportages-pour-noos-tv\/\"><span style=\"color:#f7d8aa\" class=\"has-inline-color\">JRI<\/span><\/a><\/div>\n\n\n\n<div class=\"wp-block-button is-style-outline\"><a class=\"wp-block-button__link\" href=\"https:\/\/elisabethfouche.com\/index.php\/audiovisuel\/scenariste-marketing\/\"><span style=\"color:#f7d8aa\" class=\"has-inline-color\">Spot marketing<\/span><\/a><\/div>\n\n\n\n<div class=\"wp-block-button is-style-outline\"><a class=\"wp-block-button__link\" href=\"https:\/\/elisabethfouche.com\/index.php\/audiovisuel\/assistante-realisation-journaliste-intervieweuse\/\"><span style=\"color:#f7d8aa\" class=\"has-inline-color\">Spot institutionnel<\/span><\/a><\/div>\n<\/div>\n\n\n\n<p><\/p>\n","protected":false},"excerpt":{"rendered":"<p>Ecriture et r\u00e9alisation de 3 courts m\u00e9trages en DV cam + 1 spot publicitaire en 35 mm de 1999-2002 lors de mon Master \u00e0 l&rsquo;EICAR Et aussi \ud83d\udc47\ud83c\udffb<\/p>\n","protected":false},"author":1,"featured_media":0,"parent":133,"menu_order":2,"comment_status":"closed","ping_status":"closed","template":"","meta":{"footnotes":""},"yoast_head":"<!-- This site is optimized with the Yoast SEO plugin v18.3 - https:\/\/yoast.com\/wordpress\/plugins\/seo\/ -->\n<title>Extraits de courts m\u00e9trages - Elisabeth Fouch\u00e9<\/title>\n<meta name=\"description\" content=\"court m\u00e9trage r\u00e9alis\u00e9 par Elisabeth Fouch\u00e9 en 2000\" \/>\n<meta name=\"robots\" content=\"index, follow, max-snippet:-1, max-image-preview:large, max-video-preview:-1\" \/>\n<link rel=\"canonical\" href=\"https:\/\/elisabethfouche.com\/index.php\/audiovisuel\/extraits-de-courts-metrages-detudes\/\" \/>\n<meta property=\"og:locale\" content=\"fr_FR\" \/>\n<meta property=\"og:type\" content=\"article\" \/>\n<meta property=\"og:title\" content=\"Extraits de courts m\u00e9trages - Elisabeth Fouch\u00e9\" \/>\n<meta property=\"og:description\" content=\"court m\u00e9trage r\u00e9alis\u00e9 par Elisabeth Fouch\u00e9 en 2000\" \/>\n<meta property=\"og:url\" content=\"https:\/\/elisabethfouche.com\/index.php\/audiovisuel\/extraits-de-courts-metrages-detudes\/\" \/>\n<meta property=\"og:site_name\" content=\"Elisabeth Fouch\u00e9\" \/>\n<meta property=\"article:publisher\" content=\"https:\/\/www.facebook.com\/elisabeth.fouche\" \/>\n<meta property=\"article:modified_time\" content=\"2022-03-18T12:39:38+00:00\" \/>\n<meta name=\"twitter:card\" content=\"summary\" \/>\n<script type=\"application\/ld+json\" class=\"yoast-schema-graph\">{\"@context\":\"https:\/\/schema.org\",\"@graph\":[{\"@type\":\"WebSite\",\"@id\":\"https:\/\/elisabethfouche.com\/#website\",\"url\":\"https:\/\/elisabethfouche.com\/\",\"name\":\"Elisabeth Fouch\u00e9\",\"description\":\"\",\"potentialAction\":[{\"@type\":\"SearchAction\",\"target\":{\"@type\":\"EntryPoint\",\"urlTemplate\":\"https:\/\/elisabethfouche.com\/?s={search_term_string}\"},\"query-input\":\"required name=search_term_string\"}],\"inLanguage\":\"fr-FR\"},{\"@type\":\"WebPage\",\"@id\":\"https:\/\/elisabethfouche.com\/index.php\/audiovisuel\/extraits-de-courts-metrages-detudes\/#webpage\",\"url\":\"https:\/\/elisabethfouche.com\/index.php\/audiovisuel\/extraits-de-courts-metrages-detudes\/\",\"name\":\"Extraits de courts m\u00e9trages - Elisabeth Fouch\u00e9\",\"isPartOf\":{\"@id\":\"https:\/\/elisabethfouche.com\/#website\"},\"datePublished\":\"2019-03-27T22:52:12+00:00\",\"dateModified\":\"2022-03-18T12:39:38+00:00\",\"description\":\"court m\u00e9trage r\u00e9alis\u00e9 par Elisabeth Fouch\u00e9 en 2000\",\"breadcrumb\":{\"@id\":\"https:\/\/elisabethfouche.com\/index.php\/audiovisuel\/extraits-de-courts-metrages-detudes\/#breadcrumb\"},\"inLanguage\":\"fr-FR\",\"potentialAction\":[{\"@type\":\"ReadAction\",\"target\":[\"https:\/\/elisabethfouche.com\/index.php\/audiovisuel\/extraits-de-courts-metrages-detudes\/\"]}]},{\"@type\":\"BreadcrumbList\",\"@id\":\"https:\/\/elisabethfouche.com\/index.php\/audiovisuel\/extraits-de-courts-metrages-detudes\/#breadcrumb\",\"itemListElement\":[{\"@type\":\"ListItem\",\"position\":1,\"name\":\"Accueil\",\"item\":\"https:\/\/elisabethfouche.com\/\"},{\"@type\":\"ListItem\",\"position\":2,\"name\":\"Audiovisuel\",\"item\":\"https:\/\/elisabethfouche.com\/index.php\/audiovisuel\/\"},{\"@type\":\"ListItem\",\"position\":3,\"name\":\"Extraits de courts m\u00e9trages\"}]}]}<\/script>\n<!-- \/ Yoast SEO plugin. -->","yoast_head_json":{"title":"Extraits de courts m\u00e9trages - Elisabeth Fouch\u00e9","description":"court m\u00e9trage r\u00e9alis\u00e9 par Elisabeth Fouch\u00e9 en 2000","robots":{"index":"index","follow":"follow","max-snippet":"max-snippet:-1","max-image-preview":"max-image-preview:large","max-video-preview":"max-video-preview:-1"},"canonical":"https:\/\/elisabethfouche.com\/index.php\/audiovisuel\/extraits-de-courts-metrages-detudes\/","og_locale":"fr_FR","og_type":"article","og_title":"Extraits de courts m\u00e9trages - Elisabeth Fouch\u00e9","og_description":"court m\u00e9trage r\u00e9alis\u00e9 par Elisabeth Fouch\u00e9 en 2000","og_url":"https:\/\/elisabethfouche.com\/index.php\/audiovisuel\/extraits-de-courts-metrages-detudes\/","og_site_name":"Elisabeth Fouch\u00e9","article_publisher":"https:\/\/www.facebook.com\/elisabeth.fouche","article_modified_time":"2022-03-18T12:39:38+00:00","twitter_card":"summary","schema":{"@context":"https:\/\/schema.org","@graph":[{"@type":"WebSite","@id":"https:\/\/elisabethfouche.com\/#website","url":"https:\/\/elisabethfouche.com\/","name":"Elisabeth Fouch\u00e9","description":"","potentialAction":[{"@type":"SearchAction","target":{"@type":"EntryPoint","urlTemplate":"https:\/\/elisabethfouche.com\/?s={search_term_string}"},"query-input":"required name=search_term_string"}],"inLanguage":"fr-FR"},{"@type":"WebPage","@id":"https:\/\/elisabethfouche.com\/index.php\/audiovisuel\/extraits-de-courts-metrages-detudes\/#webpage","url":"https:\/\/elisabethfouche.com\/index.php\/audiovisuel\/extraits-de-courts-metrages-detudes\/","name":"Extraits de courts m\u00e9trages - Elisabeth Fouch\u00e9","isPartOf":{"@id":"https:\/\/elisabethfouche.com\/#website"},"datePublished":"2019-03-27T22:52:12+00:00","dateModified":"2022-03-18T12:39:38+00:00","description":"court m\u00e9trage r\u00e9alis\u00e9 par Elisabeth Fouch\u00e9 en 2000","breadcrumb":{"@id":"https:\/\/elisabethfouche.com\/index.php\/audiovisuel\/extraits-de-courts-metrages-detudes\/#breadcrumb"},"inLanguage":"fr-FR","potentialAction":[{"@type":"ReadAction","target":["https:\/\/elisabethfouche.com\/index.php\/audiovisuel\/extraits-de-courts-metrages-detudes\/"]}]},{"@type":"BreadcrumbList","@id":"https:\/\/elisabethfouche.com\/index.php\/audiovisuel\/extraits-de-courts-metrages-detudes\/#breadcrumb","itemListElement":[{"@type":"ListItem","position":1,"name":"Accueil","item":"https:\/\/elisabethfouche.com\/"},{"@type":"ListItem","position":2,"name":"Audiovisuel","item":"https:\/\/elisabethfouche.com\/index.php\/audiovisuel\/"},{"@type":"ListItem","position":3,"name":"Extraits de courts m\u00e9trages"}]}]}},"_links":{"self":[{"href":"https:\/\/elisabethfouche.com\/index.php\/wp-json\/wp\/v2\/pages\/378"}],"collection":[{"href":"https:\/\/elisabethfouche.com\/index.php\/wp-json\/wp\/v2\/pages"}],"about":[{"href":"https:\/\/elisabethfouche.com\/index.php\/wp-json\/wp\/v2\/types\/page"}],"author":[{"embeddable":true,"href":"https:\/\/elisabethfouche.com\/index.php\/wp-json\/wp\/v2\/users\/1"}],"replies":[{"embeddable":true,"href":"https:\/\/elisabethfouche.com\/index.php\/wp-json\/wp\/v2\/comments?post=378"}],"version-history":[{"count":11,"href":"https:\/\/elisabethfouche.com\/index.php\/wp-json\/wp\/v2\/pages\/378\/revisions"}],"predecessor-version":[{"id":1107,"href":"https:\/\/elisabethfouche.com\/index.php\/wp-json\/wp\/v2\/pages\/378\/revisions\/1107"}],"up":[{"embeddable":true,"href":"https:\/\/elisabethfouche.com\/index.php\/wp-json\/wp\/v2\/pages\/133"}],"wp:attachment":[{"href":"https:\/\/elisabethfouche.com\/index.php\/wp-json\/wp\/v2\/media?parent=378"}],"curies":[{"name":"wp","href":"https:\/\/api.w.org\/{rel}","templated":true}]}}