{"id":532,"date":"2020-12-02T12:49:26","date_gmt":"2020-12-02T11:49:26","guid":{"rendered":"http:\/\/elisabethfouche.com\/?page_id=532"},"modified":"2022-03-18T13:39:39","modified_gmt":"2022-03-18T12:39:39","slug":"podcast-art-culture","status":"publish","type":"page","link":"https:\/\/elisabethfouche.com\/index.php\/podcast-art-culture\/","title":{"rendered":"Podcast art &#038; culture"},"content":{"rendered":"\n<div class=\"wp-block-columns is-layout-flex wp-container-core-columns-layout-1 wp-block-columns-is-layout-flex\">\n<div class=\"wp-block-column is-vertically-aligned-bottom is-layout-flow wp-block-column-is-layout-flow\">\n<figure class=\"wp-block-image size-large\"><a href=\"https:\/\/elisabethfouche.com\/wp-content\/uploads\/2021\/10\/Theatre-Francoise-Sagan.mp3\" target=\"_blank\" rel=\"noopener\"><img loading=\"lazy\" decoding=\"async\" width=\"1024\" height=\"1024\" src=\"https:\/\/elisabethfouche.com\/wp-content\/uploads\/2021\/10\/LES-ENFANTS-TERRIBLES-5-1024x1024.png\" alt=\"\" class=\"wp-image-998\" srcset=\"https:\/\/elisabethfouche.com\/wp-content\/uploads\/2021\/10\/LES-ENFANTS-TERRIBLES-5-1024x1024.png 1024w, https:\/\/elisabethfouche.com\/wp-content\/uploads\/2021\/10\/LES-ENFANTS-TERRIBLES-5-300x300.png 300w, https:\/\/elisabethfouche.com\/wp-content\/uploads\/2021\/10\/LES-ENFANTS-TERRIBLES-5-150x150.png 150w, https:\/\/elisabethfouche.com\/wp-content\/uploads\/2021\/10\/LES-ENFANTS-TERRIBLES-5-768x768.png 768w, https:\/\/elisabethfouche.com\/wp-content\/uploads\/2021\/10\/LES-ENFANTS-TERRIBLES-5.png 1080w\" sizes=\"(max-width: 1024px) 100vw, 1024px\" \/><\/a><\/figure>\n<\/div>\n\n\n\n<div class=\"wp-block-column is-layout-flow wp-block-column-is-layout-flow\">\n<p><br><\/p>\n<\/div>\n<\/div>\n\n\n\n<p><br><br>Et aussi \ud83d\udc47\ud83c\udffb<\/p>\n\n\n\n<div class=\"wp-block-buttons is-layout-flex wp-block-buttons-is-layout-flex\">\n<div class=\"wp-block-button is-style-outline\"><a class=\"wp-block-button__link\" href=\"https:\/\/elisabethfouche.com\/index.php\/articles-digital-learning\/\"><span style=\"color:#f7d8aa\" class=\"has-inline-color\">Articles Digital Learning<\/span><\/a><\/div>\n\n\n\n<div class=\"wp-block-button is-style-outline\"><a class=\"wp-block-button__link\" href=\"https:\/\/elisabethfouche.com\/index.php\/journalisme\/\"><span style=\"color:#f7d8aa\" class=\"has-inline-color\">Journalisme<\/span><\/a><\/div>\n\n\n\n<div class=\"wp-block-button is-style-outline\"><a class=\"wp-block-button__link\" href=\"https:\/\/elisabethfouche.com\/index.php\/communication-dentreprise-2\/\"><span style=\"color:#f7d8aa\" class=\"has-inline-color\">Communication<\/span><\/a><\/div>\n<\/div>\n","protected":false},"excerpt":{"rendered":"<p>Et aussi \ud83d\udc47\ud83c\udffb<\/p>\n","protected":false},"author":1,"featured_media":0,"parent":0,"menu_order":0,"comment_status":"closed","ping_status":"closed","template":"","meta":{"footnotes":""},"yoast_head":"<!-- This site is optimized with the Yoast SEO plugin v18.3 - https:\/\/yoast.com\/wordpress\/plugins\/seo\/ -->\n<title>Les enfants terribles, le podcast qui s&#039;int\u00e9resse \u00e0 l&#039;artiste dans son \u0153uvre<\/title>\n<meta name=\"description\" content=\"Elisabeth Fouch\u00e9 interviewe ces enfants terribles de la cr\u00e9ation artistique dans un podcast qui s&#039;interroge sur le lien entre \u0153uvre et parcours.\" \/>\n<meta name=\"robots\" content=\"index, follow, max-snippet:-1, max-image-preview:large, max-video-preview:-1\" \/>\n<link rel=\"canonical\" href=\"https:\/\/elisabethfouche.com\/index.php\/podcast-art-culture\/\" \/>\n<meta property=\"og:locale\" content=\"fr_FR\" \/>\n<meta property=\"og:type\" content=\"article\" \/>\n<meta property=\"og:title\" content=\"Les enfants terribles, le podcast qui s&#039;int\u00e9resse \u00e0 l&#039;artiste dans son \u0153uvre\" \/>\n<meta property=\"og:description\" content=\"Elisabeth Fouch\u00e9 interviewe ces enfants terribles de la cr\u00e9ation artistique dans un podcast qui s&#039;interroge sur le lien entre \u0153uvre et parcours.\" \/>\n<meta property=\"og:url\" content=\"https:\/\/elisabethfouche.com\/index.php\/podcast-art-culture\/\" \/>\n<meta property=\"og:site_name\" content=\"Elisabeth Fouch\u00e9\" \/>\n<meta property=\"article:publisher\" content=\"https:\/\/www.facebook.com\/elisabeth.fouche\" \/>\n<meta property=\"article:modified_time\" content=\"2022-03-18T12:39:39+00:00\" \/>\n<meta property=\"og:image\" content=\"http:\/\/elisabethfouche.com\/wp-content\/uploads\/2021\/10\/LES-ENFANTS-TERRIBLES-5-1024x1024.png\" \/>\n<meta name=\"twitter:card\" content=\"summary\" \/>\n<script type=\"application\/ld+json\" class=\"yoast-schema-graph\">{\"@context\":\"https:\/\/schema.org\",\"@graph\":[{\"@type\":\"WebSite\",\"@id\":\"https:\/\/elisabethfouche.com\/#website\",\"url\":\"https:\/\/elisabethfouche.com\/\",\"name\":\"Elisabeth Fouch\u00e9\",\"description\":\"\",\"potentialAction\":[{\"@type\":\"SearchAction\",\"target\":{\"@type\":\"EntryPoint\",\"urlTemplate\":\"https:\/\/elisabethfouche.com\/?s={search_term_string}\"},\"query-input\":\"required name=search_term_string\"}],\"inLanguage\":\"fr-FR\"},{\"@type\":\"ImageObject\",\"@id\":\"https:\/\/elisabethfouche.com\/index.php\/podcast-art-culture\/#primaryimage\",\"inLanguage\":\"fr-FR\",\"url\":\"http:\/\/elisabethfouche.com\/wp-content\/uploads\/2021\/10\/LES-ENFANTS-TERRIBLES-5-1024x1024.png\",\"contentUrl\":\"http:\/\/elisabethfouche.com\/wp-content\/uploads\/2021\/10\/LES-ENFANTS-TERRIBLES-5-1024x1024.png\"},{\"@type\":\"WebPage\",\"@id\":\"https:\/\/elisabethfouche.com\/index.php\/podcast-art-culture\/#webpage\",\"url\":\"https:\/\/elisabethfouche.com\/index.php\/podcast-art-culture\/\",\"name\":\"Les enfants terribles, le podcast qui s'int\u00e9resse \u00e0 l'artiste dans son \u0153uvre\",\"isPartOf\":{\"@id\":\"https:\/\/elisabethfouche.com\/#website\"},\"primaryImageOfPage\":{\"@id\":\"https:\/\/elisabethfouche.com\/index.php\/podcast-art-culture\/#primaryimage\"},\"datePublished\":\"2020-12-02T11:49:26+00:00\",\"dateModified\":\"2022-03-18T12:39:39+00:00\",\"description\":\"Elisabeth Fouch\u00e9 interviewe ces enfants terribles de la cr\u00e9ation artistique dans un podcast qui s'interroge sur le lien entre \u0153uvre et parcours.\",\"breadcrumb\":{\"@id\":\"https:\/\/elisabethfouche.com\/index.php\/podcast-art-culture\/#breadcrumb\"},\"inLanguage\":\"fr-FR\",\"potentialAction\":[{\"@type\":\"ReadAction\",\"target\":[\"https:\/\/elisabethfouche.com\/index.php\/podcast-art-culture\/\"]}]},{\"@type\":\"BreadcrumbList\",\"@id\":\"https:\/\/elisabethfouche.com\/index.php\/podcast-art-culture\/#breadcrumb\",\"itemListElement\":[{\"@type\":\"ListItem\",\"position\":1,\"name\":\"Accueil\",\"item\":\"https:\/\/elisabethfouche.com\/\"},{\"@type\":\"ListItem\",\"position\":2,\"name\":\"Podcast art &#038; culture\"}]}]}<\/script>\n<!-- \/ Yoast SEO plugin. -->","yoast_head_json":{"title":"Les enfants terribles, le podcast qui s'int\u00e9resse \u00e0 l'artiste dans son \u0153uvre","description":"Elisabeth Fouch\u00e9 interviewe ces enfants terribles de la cr\u00e9ation artistique dans un podcast qui s'interroge sur le lien entre \u0153uvre et parcours.","robots":{"index":"index","follow":"follow","max-snippet":"max-snippet:-1","max-image-preview":"max-image-preview:large","max-video-preview":"max-video-preview:-1"},"canonical":"https:\/\/elisabethfouche.com\/index.php\/podcast-art-culture\/","og_locale":"fr_FR","og_type":"article","og_title":"Les enfants terribles, le podcast qui s'int\u00e9resse \u00e0 l'artiste dans son \u0153uvre","og_description":"Elisabeth Fouch\u00e9 interviewe ces enfants terribles de la cr\u00e9ation artistique dans un podcast qui s'interroge sur le lien entre \u0153uvre et parcours.","og_url":"https:\/\/elisabethfouche.com\/index.php\/podcast-art-culture\/","og_site_name":"Elisabeth Fouch\u00e9","article_publisher":"https:\/\/www.facebook.com\/elisabeth.fouche","article_modified_time":"2022-03-18T12:39:39+00:00","og_image":[{"url":"http:\/\/elisabethfouche.com\/wp-content\/uploads\/2021\/10\/LES-ENFANTS-TERRIBLES-5-1024x1024.png"}],"twitter_card":"summary","schema":{"@context":"https:\/\/schema.org","@graph":[{"@type":"WebSite","@id":"https:\/\/elisabethfouche.com\/#website","url":"https:\/\/elisabethfouche.com\/","name":"Elisabeth Fouch\u00e9","description":"","potentialAction":[{"@type":"SearchAction","target":{"@type":"EntryPoint","urlTemplate":"https:\/\/elisabethfouche.com\/?s={search_term_string}"},"query-input":"required name=search_term_string"}],"inLanguage":"fr-FR"},{"@type":"ImageObject","@id":"https:\/\/elisabethfouche.com\/index.php\/podcast-art-culture\/#primaryimage","inLanguage":"fr-FR","url":"http:\/\/elisabethfouche.com\/wp-content\/uploads\/2021\/10\/LES-ENFANTS-TERRIBLES-5-1024x1024.png","contentUrl":"http:\/\/elisabethfouche.com\/wp-content\/uploads\/2021\/10\/LES-ENFANTS-TERRIBLES-5-1024x1024.png"},{"@type":"WebPage","@id":"https:\/\/elisabethfouche.com\/index.php\/podcast-art-culture\/#webpage","url":"https:\/\/elisabethfouche.com\/index.php\/podcast-art-culture\/","name":"Les enfants terribles, le podcast qui s'int\u00e9resse \u00e0 l'artiste dans son \u0153uvre","isPartOf":{"@id":"https:\/\/elisabethfouche.com\/#website"},"primaryImageOfPage":{"@id":"https:\/\/elisabethfouche.com\/index.php\/podcast-art-culture\/#primaryimage"},"datePublished":"2020-12-02T11:49:26+00:00","dateModified":"2022-03-18T12:39:39+00:00","description":"Elisabeth Fouch\u00e9 interviewe ces enfants terribles de la cr\u00e9ation artistique dans un podcast qui s'interroge sur le lien entre \u0153uvre et parcours.","breadcrumb":{"@id":"https:\/\/elisabethfouche.com\/index.php\/podcast-art-culture\/#breadcrumb"},"inLanguage":"fr-FR","potentialAction":[{"@type":"ReadAction","target":["https:\/\/elisabethfouche.com\/index.php\/podcast-art-culture\/"]}]},{"@type":"BreadcrumbList","@id":"https:\/\/elisabethfouche.com\/index.php\/podcast-art-culture\/#breadcrumb","itemListElement":[{"@type":"ListItem","position":1,"name":"Accueil","item":"https:\/\/elisabethfouche.com\/"},{"@type":"ListItem","position":2,"name":"Podcast art &#038; culture"}]}]}},"_links":{"self":[{"href":"https:\/\/elisabethfouche.com\/index.php\/wp-json\/wp\/v2\/pages\/532"}],"collection":[{"href":"https:\/\/elisabethfouche.com\/index.php\/wp-json\/wp\/v2\/pages"}],"about":[{"href":"https:\/\/elisabethfouche.com\/index.php\/wp-json\/wp\/v2\/types\/page"}],"author":[{"embeddable":true,"href":"https:\/\/elisabethfouche.com\/index.php\/wp-json\/wp\/v2\/users\/1"}],"replies":[{"embeddable":true,"href":"https:\/\/elisabethfouche.com\/index.php\/wp-json\/wp\/v2\/comments?post=532"}],"version-history":[{"count":25,"href":"https:\/\/elisabethfouche.com\/index.php\/wp-json\/wp\/v2\/pages\/532\/revisions"}],"predecessor-version":[{"id":1201,"href":"https:\/\/elisabethfouche.com\/index.php\/wp-json\/wp\/v2\/pages\/532\/revisions\/1201"}],"wp:attachment":[{"href":"https:\/\/elisabethfouche.com\/index.php\/wp-json\/wp\/v2\/media?parent=532"}],"curies":[{"name":"wp","href":"https:\/\/api.w.org\/{rel}","templated":true}]}}

<!-- This site is optimized with the Yoast SEO plugin v18.3 - https://yoast.com/wordpress/plugins/seo/ -->
<title>Les enfants terribles, le podcast qui s&#039;intéresse à l&#039;artiste dans son œuvre</title>
<meta name="description" content="Elisabeth Fouché interviewe ces enfants terribles de la création artistique dans un podcast qui s&#039;interroge sur le lien entre œuvre et parcours." />
<meta name="robots" content="index, follow, max-snippet:-1, max-image-preview:large, max-video-preview:-1" />
<link rel="canonical" href="https://elisabethfouche.com/index.php/podcast-art-culture/" />
<meta property="og:locale" content="fr_FR" />
<meta property="og:type" content="article" />
<meta property="og:title" content="Les enfants terribles, le podcast qui s&#039;intéresse à l&#039;artiste dans son œuvre" />
<meta property="og:description" content="Elisabeth Fouché interviewe ces enfants terribles de la création artistique dans un podcast qui s&#039;interroge sur le lien entre œuvre et parcours." />
<meta property="og:url" content="https://elisabethfouche.com/index.php/podcast-art-culture/" />
<meta property="og:site_name" content="Elisabeth Fouché" />
<meta property="article:publisher" content="https://www.facebook.com/elisabeth.fouche" />
<meta property="article:modified_time" content="2022-03-18T12:39:39+00:00" />
<meta property="og:image" content="http://elisabethfouche.com/wp-content/uploads/2021/10/LES-ENFANTS-TERRIBLES-5-1024x1024.png" />
<meta name="twitter:card" content="summary" />
<script type="application/ld+json" class="yoast-schema-graph">{"@context":"https://schema.org","@graph":[{"@type":"WebSite","@id":"https://elisabethfouche.com/#website","url":"https://elisabethfouche.com/","name":"Elisabeth Fouché","description":"","potentialAction":[{"@type":"SearchAction","target":{"@type":"EntryPoint","urlTemplate":"https://elisabethfouche.com/?s={search_term_string}"},"query-input":"required name=search_term_string"}],"inLanguage":"fr-FR"},{"@type":"ImageObject","@id":"https://elisabethfouche.com/index.php/podcast-art-culture/#primaryimage","inLanguage":"fr-FR","url":"http://elisabethfouche.com/wp-content/uploads/2021/10/LES-ENFANTS-TERRIBLES-5-1024x1024.png","contentUrl":"http://elisabethfouche.com/wp-content/uploads/2021/10/LES-ENFANTS-TERRIBLES-5-1024x1024.png"},{"@type":"WebPage","@id":"https://elisabethfouche.com/index.php/podcast-art-culture/#webpage","url":"https://elisabethfouche.com/index.php/podcast-art-culture/","name":"Les enfants terribles, le podcast qui s'intéresse à l'artiste dans son œuvre","isPartOf":{"@id":"https://elisabethfouche.com/#website"},"primaryImageOfPage":{"@id":"https://elisabethfouche.com/index.php/podcast-art-culture/#primaryimage"},"datePublished":"2020-12-02T11:49:26+00:00","dateModified":"2022-03-18T12:39:39+00:00","description":"Elisabeth Fouché interviewe ces enfants terribles de la création artistique dans un podcast qui s'interroge sur le lien entre œuvre et parcours.","breadcrumb":{"@id":"https://elisabethfouche.com/index.php/podcast-art-culture/#breadcrumb"},"inLanguage":"fr-FR","potentialAction":[{"@type":"ReadAction","target":["https://elisabethfouche.com/index.php/podcast-art-culture/"]}]},{"@type":"BreadcrumbList","@id":"https://elisabethfouche.com/index.php/podcast-art-culture/#breadcrumb","itemListElement":[{"@type":"ListItem","position":1,"name":"Accueil","item":"https://elisabethfouche.com/"},{"@type":"ListItem","position":2,"name":"Podcast art &#038; culture"}]}]}</script>
<!-- / Yoast SEO plugin. -->

Les enfants terribles, le podcast qui s'intéresse à l'artiste dans son œuvre

Elisabeth Fouché interviewe ces enfants terribles de la création artistique dans un podcast qui s'interroge sur le lien entre œuvre et parcours.

Elisabeth Fouché
