{"id":97,"date":"2017-02-11T20:46:59","date_gmt":"2017-02-11T19:46:59","guid":{"rendered":"http:\/\/elisabethfouche.com\/?page_id=97"},"modified":"2024-11-15T16:22:48","modified_gmt":"2024-11-15T15:22:48","slug":"auteure-litterature-cinema","status":"publish","type":"page","link":"https:\/\/elisabethfouche.com\/index.php\/auteure-litterature-cinema\/","title":{"rendered":"Auteure"},"content":{"rendered":"\n<p style=\"font-size:15px\">De page lasse parfois, l\u2019\u00e9crit vain s\u2019\u00e9vapore sous la main<br>Et la supplique sonore encombre le cri sourd<\/p>\n\n\n\n<p style=\"font-size:15px\">Lourde t\u00e2che que vomir son effort dans l&rsquo;amour<br>Et la mort<\/p>\n\n\n\n<p style=\"font-size:15px\">L\u2019\u00e2ge passe<\/p>\n\n\n\n<p style=\"font-size:15px\">Des filets d\u2019or parfois aux accords <br>Bercent de ce point d\u2019essence l&rsquo;infini minuscule <br>Sans trace<\/p>\n\n\n\n<p style=\"font-size:15px\">Et entre deux errances, mille mar\u00e9cages immondes<\/p>\n\n\n\n<p style=\"font-size:15px\"><br>A la phrase tenace<br>Et qui parfois succombe de rage<\/p>\n\n\n\n<p style=\"font-size:15px\">De d\u00e9go\u00fbt, et s&rsquo;agace<br>Et se racle de honte<br><br>Mais ses mots sont le diacre, sa foi, une fronde<br>Sans cesse \u00e0 la t\u00e2che, cr\u00e9ateur, <br>En qu\u00eate de la blanche<br><br>Un ange passe<br><br>Et la page s\u2019ensemence<br>D\u2019onde.<\/p>\n\n\n\n<p><br><\/p>\n\n\n\n<div class=\"wp-block-buttons is-layout-flex wp-block-buttons-is-layout-flex\">\n<div class=\"wp-block-button is-style-outline\"><a class=\"wp-block-button__link wp-element-button\" href=\"https:\/\/elisabethfouche.com\/index.php\/category\/extraits-de-romans\/\"><span style=\"background-color:rgba(0, 0, 0, 0);color:#f7d8aa\" class=\"has-inline-color\">Romans<\/span><\/a><\/div>\n\n\n\n<div class=\"wp-block-button is-style-outline\"><a class=\"wp-block-button__link wp-element-button\" href=\"https:\/\/elisabethfouche.com\/index.php\/2017\/02\/13\/scenario-de-long-metrage\/\"><span style=\"background-color:rgba(0, 0, 0, 0);color:#f7d8aa\" class=\"has-inline-color\">Sc\u00e9nario<\/span><\/a><\/div>\n\n\n\n<div class=\"wp-block-button is-style-outline\"><a class=\"wp-block-button__link wp-element-button\" href=\"https:\/\/elisabethfouche.com\/index.php\/2017\/02\/14\/recueil-de-poesie\/\"><span style=\"background-color:rgba(0, 0, 0, 0);color:#f7d8aa\" class=\"has-inline-color\">Po\u00e9sie<\/span><\/a><\/div>\n\n\n\n<div class=\"wp-block-button is-style-outline\"><a class=\"wp-block-button__link wp-element-button\" href=\"https:\/\/elisabethfouche.com\/index.php\/audiovisuel\/extraits-de-courts-metrages-detudes\/\"><span style=\"background-color:rgba(0, 0, 0, 0);color:#f7d8aa\" class=\"has-inline-color\">Courts-m\u00e9trages<\/span><\/a><\/div>\n\n\n\n<div class=\"wp-block-button is-style-outline\"><a class=\"wp-block-button__link wp-element-button\" href=\"https:\/\/elisabethfouche.com\/index.php\/poeme-visuel\/\"><span style=\"background-color:rgba(0, 0, 0, 0);color:#f7d8aa\" class=\"has-inline-color\">Po\u00e8me visuel<\/span><\/a><\/div>\n<\/div>\n","protected":false},"excerpt":{"rendered":"<p>De page lasse parfois, l\u2019\u00e9crit vain s\u2019\u00e9vapore sous la mainEt la supplique sonore encombre le cri sourd Lourde t\u00e2che que vomir son effort dans l&rsquo;amourEt la mort L\u2019\u00e2ge passe Des filets d\u2019or parfois aux accords Bercent de ce point d\u2019essence l&rsquo;infini minuscule Sans trace Et entre deux errances, mille mar\u00e9cages immondes A la phrase tenaceEt &hellip; <a href=\"https:\/\/elisabethfouche.com\/index.php\/auteure-litterature-cinema\/\" class=\"more-link\">Continuer la lecture de <span class=\"screen-reader-text\">Auteure<\/span><\/a><\/p>\n","protected":false},"author":1,"featured_media":0,"parent":0,"menu_order":0,"comment_status":"closed","ping_status":"closed","template":"","meta":{"footnotes":""},"yoast_head":"<!-- This site is optimized with the Yoast SEO plugin v18.3 - https:\/\/yoast.com\/wordpress\/plugins\/seo\/ -->\n<title>Auteure de fictions romanesques et cin\u00e9matographiques, po\u00e8te, r\u00e9alisatrice<\/title>\n<meta name=\"description\" content=\"Auteure sc\u00e9nariste, romanci\u00e8re, po\u00e8te, r\u00e9alisatrice, voici des extraits de sc\u00e9nario long m\u00e9trage, romans, recueils de po\u00e8mes et courts-m\u00e9trages audiovisuels\" \/>\n<meta name=\"robots\" content=\"index, follow, max-snippet:-1, max-image-preview:large, max-video-preview:-1\" \/>\n<link rel=\"canonical\" href=\"https:\/\/elisabethfouche.com\/index.php\/auteure-litterature-cinema\/\" \/>\n<meta property=\"og:locale\" content=\"fr_FR\" \/>\n<meta property=\"og:type\" content=\"article\" \/>\n<meta property=\"og:title\" content=\"Auteure de fictions romanesques et cin\u00e9matographiques, po\u00e8te, r\u00e9alisatrice\" \/>\n<meta property=\"og:description\" content=\"Auteure sc\u00e9nariste, romanci\u00e8re, po\u00e8te, r\u00e9alisatrice, voici des extraits de sc\u00e9nario long m\u00e9trage, romans, recueils de po\u00e8mes et courts-m\u00e9trages audiovisuels\" \/>\n<meta property=\"og:url\" content=\"https:\/\/elisabethfouche.com\/index.php\/auteure-litterature-cinema\/\" \/>\n<meta property=\"og:site_name\" content=\"Elisabeth Fouch\u00e9\" \/>\n<meta property=\"article:publisher\" content=\"https:\/\/www.facebook.com\/elisabeth.fouche\" \/>\n<meta property=\"article:modified_time\" content=\"2024-11-15T15:22:48+00:00\" \/>\n<meta name=\"twitter:card\" content=\"summary\" \/>\n<meta name=\"twitter:label1\" content=\"Dur\u00e9e de lecture estim\u00e9e\" \/>\n\t<meta name=\"twitter:data1\" content=\"1 minute\" \/>\n<script type=\"application\/ld+json\" class=\"yoast-schema-graph\">{\"@context\":\"https:\/\/schema.org\",\"@graph\":[{\"@type\":\"WebSite\",\"@id\":\"https:\/\/elisabethfouche.com\/#website\",\"url\":\"https:\/\/elisabethfouche.com\/\",\"name\":\"Elisabeth Fouch\u00e9\",\"description\":\"\",\"potentialAction\":[{\"@type\":\"SearchAction\",\"target\":{\"@type\":\"EntryPoint\",\"urlTemplate\":\"https:\/\/elisabethfouche.com\/?s={search_term_string}\"},\"query-input\":\"required name=search_term_string\"}],\"inLanguage\":\"fr-FR\"},{\"@type\":\"WebPage\",\"@id\":\"https:\/\/elisabethfouche.com\/index.php\/auteure-litterature-cinema\/#webpage\",\"url\":\"https:\/\/elisabethfouche.com\/index.php\/auteure-litterature-cinema\/\",\"name\":\"Auteure de fictions romanesques et cin\u00e9matographiques, po\u00e8te, r\u00e9alisatrice\",\"isPartOf\":{\"@id\":\"https:\/\/elisabethfouche.com\/#website\"},\"datePublished\":\"2017-02-11T19:46:59+00:00\",\"dateModified\":\"2024-11-15T15:22:48+00:00\",\"description\":\"Auteure sc\u00e9nariste, romanci\u00e8re, po\u00e8te, r\u00e9alisatrice, voici des extraits de sc\u00e9nario long m\u00e9trage, romans, recueils de po\u00e8mes et courts-m\u00e9trages audiovisuels\",\"breadcrumb\":{\"@id\":\"https:\/\/elisabethfouche.com\/index.php\/auteure-litterature-cinema\/#breadcrumb\"},\"inLanguage\":\"fr-FR\",\"potentialAction\":[{\"@type\":\"ReadAction\",\"target\":[\"https:\/\/elisabethfouche.com\/index.php\/auteure-litterature-cinema\/\"]}]},{\"@type\":\"BreadcrumbList\",\"@id\":\"https:\/\/elisabethfouche.com\/index.php\/auteure-litterature-cinema\/#breadcrumb\",\"itemListElement\":[{\"@type\":\"ListItem\",\"position\":1,\"name\":\"Accueil\",\"item\":\"https:\/\/elisabethfouche.com\/\"},{\"@type\":\"ListItem\",\"position\":2,\"name\":\"Auteure\"}]}]}<\/script>\n<!-- \/ Yoast SEO plugin. -->","yoast_head_json":{"title":"Auteure de fictions romanesques et cin\u00e9matographiques, po\u00e8te, r\u00e9alisatrice","description":"Auteure sc\u00e9nariste, romanci\u00e8re, po\u00e8te, r\u00e9alisatrice, voici des extraits de sc\u00e9nario long m\u00e9trage, romans, recueils de po\u00e8mes et courts-m\u00e9trages audiovisuels","robots":{"index":"index","follow":"follow","max-snippet":"max-snippet:-1","max-image-preview":"max-image-preview:large","max-video-preview":"max-video-preview:-1"},"canonical":"https:\/\/elisabethfouche.com\/index.php\/auteure-litterature-cinema\/","og_locale":"fr_FR","og_type":"article","og_title":"Auteure de fictions romanesques et cin\u00e9matographiques, po\u00e8te, r\u00e9alisatrice","og_description":"Auteure sc\u00e9nariste, romanci\u00e8re, po\u00e8te, r\u00e9alisatrice, voici des extraits de sc\u00e9nario long m\u00e9trage, romans, recueils de po\u00e8mes et courts-m\u00e9trages audiovisuels","og_url":"https:\/\/elisabethfouche.com\/index.php\/auteure-litterature-cinema\/","og_site_name":"Elisabeth Fouch\u00e9","article_publisher":"https:\/\/www.facebook.com\/elisabeth.fouche","article_modified_time":"2024-11-15T15:22:48+00:00","twitter_card":"summary","twitter_misc":{"Dur\u00e9e de lecture estim\u00e9e":"1 minute"},"schema":{"@context":"https:\/\/schema.org","@graph":[{"@type":"WebSite","@id":"https:\/\/elisabethfouche.com\/#website","url":"https:\/\/elisabethfouche.com\/","name":"Elisabeth Fouch\u00e9","description":"","potentialAction":[{"@type":"SearchAction","target":{"@type":"EntryPoint","urlTemplate":"https:\/\/elisabethfouche.com\/?s={search_term_string}"},"query-input":"required name=search_term_string"}],"inLanguage":"fr-FR"},{"@type":"WebPage","@id":"https:\/\/elisabethfouche.com\/index.php\/auteure-litterature-cinema\/#webpage","url":"https:\/\/elisabethfouche.com\/index.php\/auteure-litterature-cinema\/","name":"Auteure de fictions romanesques et cin\u00e9matographiques, po\u00e8te, r\u00e9alisatrice","isPartOf":{"@id":"https:\/\/elisabethfouche.com\/#website"},"datePublished":"2017-02-11T19:46:59+00:00","dateModified":"2024-11-15T15:22:48+00:00","description":"Auteure sc\u00e9nariste, romanci\u00e8re, po\u00e8te, r\u00e9alisatrice, voici des extraits de sc\u00e9nario long m\u00e9trage, romans, recueils de po\u00e8mes et courts-m\u00e9trages audiovisuels","breadcrumb":{"@id":"https:\/\/elisabethfouche.com\/index.php\/auteure-litterature-cinema\/#breadcrumb"},"inLanguage":"fr-FR","potentialAction":[{"@type":"ReadAction","target":["https:\/\/elisabethfouche.com\/index.php\/auteure-litterature-cinema\/"]}]},{"@type":"BreadcrumbList","@id":"https:\/\/elisabethfouche.com\/index.php\/auteure-litterature-cinema\/#breadcrumb","itemListElement":[{"@type":"ListItem","position":1,"name":"Accueil","item":"https:\/\/elisabethfouche.com\/"},{"@type":"ListItem","position":2,"name":"Auteure"}]}]}},"_links":{"self":[{"href":"https:\/\/elisabethfouche.com\/index.php\/wp-json\/wp\/v2\/pages\/97"}],"collection":[{"href":"https:\/\/elisabethfouche.com\/index.php\/wp-json\/wp\/v2\/pages"}],"about":[{"href":"https:\/\/elisabethfouche.com\/index.php\/wp-json\/wp\/v2\/types\/page"}],"author":[{"embeddable":true,"href":"https:\/\/elisabethfouche.com\/index.php\/wp-json\/wp\/v2\/users\/1"}],"replies":[{"embeddable":true,"href":"https:\/\/elisabethfouche.com\/index.php\/wp-json\/wp\/v2\/comments?post=97"}],"version-history":[{"count":62,"href":"https:\/\/elisabethfouche.com\/index.php\/wp-json\/wp\/v2\/pages\/97\/revisions"}],"predecessor-version":[{"id":1546,"href":"https:\/\/elisabethfouche.com\/index.php\/wp-json\/wp\/v2\/pages\/97\/revisions\/1546"}],"wp:attachment":[{"href":"https:\/\/elisabethfouche.com\/index.php\/wp-json\/wp\/v2\/media?parent=97"}],"curies":[{"name":"wp","href":"https:\/\/api.w.org\/{rel}","templated":true}]}}